{"id":102,"date":"2013-12-03T15:34:45","date_gmt":"2013-12-03T15:34:45","guid":{"rendered":"http:\/\/showcase.themesonwheels.com\/carry-hill\/?page_id=102"},"modified":"2021-03-18T12:30:22","modified_gmt":"2021-03-18T17:30:22","slug":"odyssee_un_voyage_extraordinaire","status":"publish","type":"page","link":"http:\/\/lesgarderieslodyssee.com\/?page_id=102","title":{"rendered":"L&rsquo;Odyss\u00e9e, un extraordinaire voyage"},"content":{"rendered":"<p>[vc_row][vc_column][vc_column_text]<\/p>\n<h2>Notre mission<\/h2>\n<hr \/>\n<p>[\/vc_column_text][vc_row_inner][vc_column_inner width= &raquo;1\/2&Prime;][vc_column_text]Aux garderies L\u2019Odyss\u00e9e, nous consid\u00e9rons les enfants comme la plus pr\u00e9cieuse des richesses.<\/p>\n<p>Nous sommes conscients que les valeurs qui leur sont inculqu\u00e9es aujourd\u2019hui seront au c\u0153ur de ce qu\u2019ils deviendront demain.<\/p>\n<p>Notre principale mission? Les faire grandir dans le respect de leurs aptitudes et de leurs habilet\u00e9s, et ce, en harmonie avec leur environnement.[\/vc_column_text][\/vc_column_inner][vc_column_inner width= &raquo;1\/2&Prime;][vc_column_text]<img loading=\"lazy\" decoding=\"async\" class=\"alignnone size-full wp-image-3205\" src=\"http:\/\/lesgarderieslodyssee.com\/wp-content\/uploads\/2013\/12\/Odyssee_2017_17.jpg\" alt=\"Enfants jouant avec des voitures\" width=\"600\" height=\"400\" srcset=\"http:\/\/lesgarderieslodyssee.com\/wp-content\/uploads\/2013\/12\/Odyssee_2017_17.jpg 600w, http:\/\/lesgarderieslodyssee.com\/wp-content\/uploads\/2013\/12\/Odyssee_2017_17-300x200.jpg 300w\" sizes=\"(max-width: 600px) 100vw, 600px\" \/>[\/vc_column_text][\/vc_column_inner][\/vc_row_inner][vc_column_text]<\/p>\n<h2>Qui sommes-nous?<\/h2>\n<hr \/>\n<p>[\/vc_column_text][vc_row_inner][vc_column_inner width= &raquo;1\/2&Prime;][vc_column_text]Les garderies L\u2019Odyss\u00e9e sont un groupement offrant aux parents de la r\u00e9gion du Haut-Richelieu un service complet en mati\u00e8re de service de garde et d\u2019\u00e9ducation des enfants.<\/p>\n<p>Situ\u00e9es dans le secteur Iberville, nos deux garderies priv\u00e9es subventionn\u00e9es proposent un programme \u00e9ducatif complet, reconnu par le Minist\u00e8re de la Famille. Nous offrons \u00e9galement des services pour les enfants \u00e0 besoins particuliers.[\/vc_column_text][\/vc_column_inner][vc_column_inner width= &raquo;1\/2&Prime;][vc_column_text]<img loading=\"lazy\" decoding=\"async\" class=\"alignnone wp-image-1027 size-wysija-newsletters-max\" src=\"http:\/\/lesgarderieslodyssee.com\/wp-content\/uploads\/2017\/04\/Odyssee_037-600x400.jpg\" alt=\"\" width=\"600\" height=\"400\" srcset=\"http:\/\/lesgarderieslodyssee.com\/wp-content\/uploads\/2017\/04\/Odyssee_037-600x400.jpg 600w, http:\/\/lesgarderieslodyssee.com\/wp-content\/uploads\/2017\/04\/Odyssee_037-300x200.jpg 300w, http:\/\/lesgarderieslodyssee.com\/wp-content\/uploads\/2017\/04\/Odyssee_037-768x513.jpg 768w, http:\/\/lesgarderieslodyssee.com\/wp-content\/uploads\/2017\/04\/Odyssee_037-1024x683.jpg 1024w, http:\/\/lesgarderieslodyssee.com\/wp-content\/uploads\/2017\/04\/Odyssee_037.jpg 1500w\" sizes=\"(max-width: 600px) 100vw, 600px\" \/>[\/vc_column_text][\/vc_column_inner][\/vc_row_inner][vc_column_text]<\/p>\n<h2>Historique<\/h2>\n<hr \/>\n<p>C\u2019est en novembre 2013 que la premi\u00e8re garderie L\u2019Odyss\u00e9e voit le jour. Situ\u00e9e dans l\u2019ancienne clinique m\u00e9dicale du boulevard d\u2019Iberville, la garderie compte 60 places subventionn\u00e9es.<\/p>\n<p>Quelques mois plus tard, en mars 2014, une seconde garderie ouvre ses portes aux enfants de la r\u00e9gion. La nouvelle construction, situ\u00e9e entre le Carrefour Laplante et la Pharmacie Brunet, offre pour sa part 80 places subventionn\u00e9es.<\/p>\n<p>Depuis 2016, les garderies l&rsquo;Odyss\u00e9e sont op\u00e9r\u00e9es par Garderies \u00c9nergie Famille, une propri\u00e9t\u00e9 de Gestion Jade Samson inc et Groupe Guy Samson inc. Tous deux piliers et reconnus dans leurs domaines respectifs.<\/p>\n<p>Depuis, dans le but de toujours proposer la meilleure offre qui soit \u00e0 sa client\u00e8le, les garderies L\u2019Odyss\u00e9e n\u2019ont cess\u00e9 de se renouveler en d\u00e9veloppant de nouveaux projets et services.[\/vc_column_text][\/vc_column][\/vc_row][vc_row content_placement= &raquo;middle &raquo; bg_type= &raquo;image &raquo; css= &raquo;.vc_custom_1495558916208{background-image: url(http:\/\/lesgarderieslodyssee.com\/wp-content\/uploads\/2014\/11\/slider_odysse_image11.jpg?id=373) !important;} &raquo;][vc_column][vc_column_text css= &raquo;.vc_custom_1495559189092{padding-top: 150px !important;padding-bottom: 150px !important;} &raquo;]<\/p>\n<h1 style=\"text-align: center;\"><span style=\"color: #ffffff;\">NOTRE VISION ET NOS VALEURS<\/span><\/h1>\n<p>[\/vc_column_text][\/vc_column][\/vc_row][vc_row][vc_column][vc_column_text]Les garderies L\u2019Odyss\u00e9e, c\u2019est un environnement chaleureux et stimulant o\u00f9 vos enfants auront l\u2019occasion de s\u2019\u00e9panouir et de se d\u00e9velopper harmonieusement, tant par le biais des arts, du sport et de la pratique d\u2019activit\u00e9s psychomotrices, que gr\u00e2ce \u00e0 une saine alimentation et \u00e0 une bonne hygi\u00e8ne de vie. C\u2019est \u00e0 travers ces cinq sph\u00e8res de d\u00e9veloppement que nous transmettons nos valeurs \u00e0 vos pr\u00e9cieux tr\u00e9sors.<\/p>\n<p>Les recherches d\u00e9montrent \u00e0 quel point agir tr\u00e8s t\u00f4t aupr\u00e8s des jeunes peut avoir une incidence majeure sur le d\u00e9veloppement de saines habitudes alimentaires et de l\u2019int\u00e9r\u00eat pour l\u2019activit\u00e9 physique (dimension physique et motrice).<\/p>\n<p>Nous portons une attention particuli\u00e8re au d\u00e9veloppement de la motricit\u00e9 globale de vos enfants. Pour ce faire, nos \u00e9ducatrices ont acc\u00e8s \u00e0 une panoplie d\u2019activit\u00e9s novatrices et amusantes qui favorisent le d\u00e9veloppement global de leur motricit\u00e9 globale, tout en stimulant leur envie de bouger.[\/vc_column_text][vc_column_text]<\/p>\n<h2>Les dimensions propres au d\u00e9veloppement de l\u2019enfant<\/h2>\n<hr \/>\n<p>Nos services reposent sur les quatre principales dimensions propres au d\u00e9veloppement de l\u2019enfant\u00a0:[\/vc_column_text][vc_row_inner][vc_column_inner width= &raquo;1\/2&Prime;][vc_column_text]<\/p>\n<h3>La dimension affective<\/h3>\n<p>Une \u00e9quipe stable, professionnelle, dynamique et constamment \u00e0 l\u2019\u00e9coute des besoins des enfants, voici ce que les garderies L\u2019Odyss\u00e9e vous proposent! Notre \u00e9quipe accompagnera votre enfant dans l\u2019expression et le contr\u00f4le de ses \u00e9motions, ainsi que dans le d\u00e9veloppement de son identit\u00e9 personnelle et d\u2019une saine estime de lui-m\u00eame.[\/vc_column_text][\/vc_column_inner][vc_column_inner width= &raquo;1\/2&Prime;][vc_column_text]<\/p>\n<h3>La dimension sociale et morale<\/h3>\n<p>Nous nous faisons un devoir d\u2019inculquer et d\u2019approfondir chez chaque enfant les valeurs et habilet\u00e9s sociales jug\u00e9es essentielles \u00e0 son d\u00e9veloppement.[\/vc_column_text][\/vc_column_inner][\/vc_row_inner][vc_row_inner][vc_column_inner width= &raquo;1\/2&Prime;][vc_column_text]<\/p>\n<h3>La dimension\u00a0cognitive<\/h3>\n<p>En posant des questions \u00e0 votre enfant, notre personnel l\u2019am\u00e8nera \u00e0 structurer sa pens\u00e9e. Chaque jour, il sera appel\u00e9 \u00e0 utiliser son imagination et son raisonnement.[\/vc_column_text][\/vc_column_inner][vc_column_inner width= &raquo;1\/2&Prime;][vc_column_text]<\/p>\n<h3>La dimension\u00a0langagi\u00e8re<\/h3>\n<p>L\u2019apprentissage du langage occupe une place de premier plan en service de garde. Chansons, comptines, histoires et th\u00e9\u00e2tre sont autant de moyens utilis\u00e9s pour amener votre enfant \u00e0 d\u00e9velopper un vocabulaire et une prononciation adapt\u00e9e \u00e0 son \u00e2ge.[\/vc_column_text][\/vc_column_inner][\/vc_row_inner][vc_column_text]En travaillant de concert avec vous, nous nous engageons \u00e0 devenir un compl\u00e9ment pr\u00e9cieux d\u2019une \u00e9ducation familiale saine, propice au d\u00e9veloppement harmonieux de votre enfant.[\/vc_column_text][vc_column_text]<\/p>\n<h2>Valeurs enseign\u00e9es<\/h2>\n<hr \/>\n<p>Voici les principales valeurs que nous visons \u00e0 d\u00e9velopper chez vos\u00a0enfants:[\/vc_column_text][vc_row_inner][vc_column_inner width= &raquo;1\/2&Prime;][vc_column_text]<\/p>\n<h3><strong>Le respect<\/strong><\/h3>\n<p>Qu\u2019il s\u2019agisse du respect de soi, du respect des autres ou du respect du bien d\u2019autrui, nous apprenons \u00e0 votre enfant \u00e0 montrer en tout temps de la consid\u00e9ration pour les personnes et les choses qui l\u2019entoure. Les relations harmonieuses et la non-violence \u2013 tant physique que verbale \u2013 sont prioris\u00e9es en tout temps.<\/p>\n<h3><strong>La responsabilisation<\/strong><\/h3>\n<p>Nous enseignons \u00e0 votre enfant que chaque geste et parole comporte des cons\u00e9quences. Cette valeur l\u2019am\u00e8ne \u00e0 comprendre et \u00e0 accepter l\u2019importance des r\u00e8gles de conduite, et le motive \u00e0 accomplir ses devoirs ou ses obligations. Il apprend \u00e0 penser aux cons\u00e9quences avant d\u2019agir, et assimile le concept qu\u2019une faute commise doit \u00eatre r\u00e9par\u00e9e.[\/vc_column_text][\/vc_column_inner][vc_column_inner width= &raquo;1\/2&Prime;][vc_column_text]<img loading=\"lazy\" decoding=\"async\" class=\"alignnone size-full wp-image-3207\" src=\"http:\/\/lesgarderieslodyssee.com\/wp-content\/uploads\/2013\/12\/Odyssee_2017_37.jpg\" alt=\"Enfants envoyant la main\" width=\"600\" height=\"400\" srcset=\"http:\/\/lesgarderieslodyssee.com\/wp-content\/uploads\/2013\/12\/Odyssee_2017_37.jpg 600w, http:\/\/lesgarderieslodyssee.com\/wp-content\/uploads\/2013\/12\/Odyssee_2017_37-300x200.jpg 300w\" sizes=\"(max-width: 600px) 100vw, 600px\" \/>[\/vc_column_text][\/vc_column_inner][\/vc_row_inner][\/vc_column][\/vc_row]<\/p>\n","protected":false},"excerpt":{"rendered":"<p>[vc_row][vc_column][vc_column_text] Notre mission [\/vc_column_text][vc_row_inner][vc_column_inner width= &raquo;1\/2&Prime;][vc_column_text]Aux garderies L\u2019Odyss\u00e9e, nous consid\u00e9rons les enfants comme la plus pr\u00e9cieuse des richesses. Nous sommes conscients que les valeurs qui leur sont inculqu\u00e9es aujourd\u2019hui seront au c\u0153ur de ce qu\u2019ils deviendront demain. Notre principale mission? Les faire grandir dans le respect de leurs aptitudes et de leurs habilet\u00e9s, et ce, <a href=\"http:\/\/lesgarderieslodyssee.com\/?page_id=102\">[&#8230;]<\/a><\/p>\n","protected":false},"author":1,"featured_media":0,"parent":0,"menu_order":0,"comment_status":"open","ping_status":"open","template":"page-fullwidth.php","meta":{"footnotes":""},"_links":{"self":[{"href":"http:\/\/lesgarderieslodyssee.com\/index.php?rest_route=\/wp\/v2\/pages\/102"}],"collection":[{"href":"http:\/\/lesgarderieslodyssee.com\/index.php?rest_route=\/wp\/v2\/pages"}],"about":[{"href":"http:\/\/lesgarderieslodyssee.com\/index.php?rest_route=\/wp\/v2\/types\/page"}],"author":[{"embeddable":true,"href":"http:\/\/lesgarderieslodyssee.com\/index.php?rest_route=\/wp\/v2\/users\/1"}],"replies":[{"embeddable":true,"href":"http:\/\/lesgarderieslodyssee.com\/index.php?rest_route=%2Fwp%2Fv2%2Fcomments&post=102"}],"version-history":[{"count":10,"href":"http:\/\/lesgarderieslodyssee.com\/index.php?rest_route=\/wp\/v2\/pages\/102\/revisions"}],"predecessor-version":[{"id":3243,"href":"http:\/\/lesgarderieslodyssee.com\/index.php?rest_route=\/wp\/v2\/pages\/102\/revisions\/3243"}],"wp:attachment":[{"href":"http:\/\/lesgarderieslodyssee.com\/index.php?rest_route=%2Fwp%2Fv2%2Fmedia&parent=102"}],"curies":[{"name":"wp","href":"https:\/\/api.w.org\/{rel}","templated":true}]}}