{"id":493,"date":"2014-12-15T13:17:20","date_gmt":"2014-12-15T12:17:20","guid":{"rendered":"https:\/\/www.agencetague.com\/odyssee\/?page_id=493"},"modified":"2024-10-24T08:58:33","modified_gmt":"2024-10-24T13:58:33","slug":"comment-sinscrire","status":"publish","type":"page","link":"http:\/\/lesgarderieslodyssee.com\/?page_id=493","title":{"rendered":"Comment s&rsquo;inscrire"},"content":{"rendered":"<p>[vc_row][vc_column width= &raquo;1\/2&Prime;][vc_column_text]Vous voulez en savoir plus sur les garderies L\u2019Odyss\u00e9e? Venez nous rendre visite! Nous vous invitons \u00e9galement \u00e0 communiquer avec la direction sandy.wiart@gpesamson.ca afin que celle-ci vous donne toutes les informations relatives \u00e0 nos services et \u00e0 nos modes de fonctionnement.<\/p>\n<p>Notez que les enfants font la sieste entre 13h et 15h.<\/p>\n<p>N\u2019oubliez pas que tous les contrats se terminent le 31 ao\u00fbt et doivent \u00eatre renouvel\u00e9s annuellement au 1<sup>er<\/sup>\u00a0septembre de chaque ann\u00e9e.<\/p>\n<p>Vous aimeriez r\u00e9server votre place parmi nous? Inscrivez-vous le plus rapidement possible sur la liste d\u2019attente des garderies centralis\u00e9es, <em>La Place 0-5<\/em>. Nous ne pouvons accept\u00e9 de demande en dehors de cette liste. [\/vc_column_text][\/vc_column][vc_column width= &raquo;1\/2&Prime;][vc_column_text]<img loading=\"lazy\" decoding=\"async\" class=\"alignnone size-full wp-image-3213\" src=\"http:\/\/lesgarderieslodyssee.com\/wp-content\/uploads\/2014\/12\/Odyssee_2017_09.jpg\" alt=\"\" width=\"455\" height=\"682\" srcset=\"http:\/\/lesgarderieslodyssee.com\/wp-content\/uploads\/2014\/12\/Odyssee_2017_09.jpg 455w, http:\/\/lesgarderieslodyssee.com\/wp-content\/uploads\/2014\/12\/Odyssee_2017_09-200x300.jpg 200w\" sizes=\"(max-width: 455px) 100vw, 455px\" \/>[\/vc_column_text][\/vc_column][\/vc_row][vc_row bg_type= &raquo;bg_color &raquo; bg_color_value= &raquo;#f7f7f7&Prime;][vc_column][vc_column_text]<\/p>\n<h2 style=\"text-align: center;\">R\u00e9servez une place pour votre enfant maintenant!<\/h2>\n<p style=\"text-align: center;\">\u00cates-vous inscrits sur la liste d\u2019attente centralis\u00e9e <em>La Place 0-5 ans<\/em>?<\/p>\n<p>[\/vc_column_text][vc_row_inner][vc_column_inner width= &raquo;1\/4&Prime;][\/vc_column_inner][vc_column_inner width= &raquo;1\/4&Prime;]<div class=\" ubtn-ctn-right \"><a class=\"ubtn-link ult-adjust-bottom-margin ubtn-right ubtn-custom \"  rel='' href = \"https:\/\/www.agencetague.com\/odyssee\/liste_attente_presincription_frais\/\" ><button type=\"button\" id=\"ubtn-8620\" class=\"ubtn ult-adjust-bottom-margin ult-responsive ubtn-custom ubtn-fade-bg  none  ubtn-right   tooltip-69d1eb152e6b3\"  data-hover=\"\" data-border-color=\"\" data-bg=\"#ea5839\" data-hover-bg=\"#f37155\" data-border-hover=\"\" data-shadow-hover=\"\" data-shadow-click=\"none\" data-shadow=\"\" data-shd-shadow=\"\"  data-ultimate-target='#ubtn-8620'  data-responsive-json-new='{\"font-size\":\"\",\"line-height\":\"\"}'  style=\"font-weight:normal;width:px;min-height:px;padding:10px 20px;border:none;background: #ea5839;color: #ffffff;\"><span class=\"ubtn-hover\" style=\"background-color:#f37155\"><\/span><span class=\"ubtn-data ubtn-text \" >En savoir plus<\/span><\/button><\/a><\/div>[\/vc_column_inner][vc_column_inner width= &raquo;1\/4&Prime;]<div class=\" ubtn-ctn-left \"><a class=\"ubtn-link ult-adjust-bottom-margin ubtn-left ubtn-custom \"  rel='' href = \"https:\/\/www.laplace0-5.com\/in\/faces\/homeInBook.xhtml\" target='_blank'><button type=\"button\" id=\"ubtn-5350\" class=\"ubtn ult-adjust-bottom-margin ult-responsive ubtn-custom ubtn-fade-bg  none  ubtn-left   tooltip-69d1eb152e78e\"  data-hover=\"\" data-border-color=\"\" data-bg=\"#ea5839\" data-hover-bg=\"#f37155\" data-border-hover=\"\" data-shadow-hover=\"\" data-shadow-click=\"none\" data-shadow=\"\" data-shd-shadow=\"\"  data-ultimate-target='#ubtn-5350'  data-responsive-json-new='{\"font-size\":\"\",\"line-height\":\"\"}'  style=\"font-weight:normal;width:px;min-height:px;padding:10px 20px;border:none;background: #ea5839;color: #ffffff;\"><span class=\"ubtn-hover\" style=\"background-color:#f37155\"><\/span><span class=\"ubtn-data ubtn-text \" >S'inscrire<\/span><\/button><\/a><\/div>[\/vc_column_inner][vc_column_inner width= &raquo;1\/4&Prime;][\/vc_column_inner][\/vc_row_inner][\/vc_column][\/vc_row]<\/p>\n","protected":false},"excerpt":{"rendered":"<p>[vc_row][vc_column width= &raquo;1\/2&Prime;][vc_column_text]Vous voulez en savoir plus sur les garderies L\u2019Odyss\u00e9e? Venez nous rendre visite! Nous vous invitons \u00e9galement \u00e0 communiquer avec la direction sandy.wiart@gpesamson.ca afin que celle-ci vous donne toutes les informations relatives \u00e0 nos services et \u00e0 nos modes de fonctionnement. Notez que les enfants font la sieste entre 13h et 15h. N\u2019oubliez <a href=\"http:\/\/lesgarderieslodyssee.com\/?page_id=493\">[&#8230;]<\/a><\/p>\n","protected":false},"author":1,"featured_media":0,"parent":0,"menu_order":0,"comment_status":"open","ping_status":"open","template":"page-fullwidth.php","meta":{"footnotes":""},"_links":{"self":[{"href":"http:\/\/lesgarderieslodyssee.com\/index.php?rest_route=\/wp\/v2\/pages\/493"}],"collection":[{"href":"http:\/\/lesgarderieslodyssee.com\/index.php?rest_route=\/wp\/v2\/pages"}],"about":[{"href":"http:\/\/lesgarderieslodyssee.com\/index.php?rest_route=\/wp\/v2\/types\/page"}],"author":[{"embeddable":true,"href":"http:\/\/lesgarderieslodyssee.com\/index.php?rest_route=\/wp\/v2\/users\/1"}],"replies":[{"embeddable":true,"href":"http:\/\/lesgarderieslodyssee.com\/index.php?rest_route=%2Fwp%2Fv2%2Fcomments&post=493"}],"version-history":[{"count":10,"href":"http:\/\/lesgarderieslodyssee.com\/index.php?rest_route=\/wp\/v2\/pages\/493\/revisions"}],"predecessor-version":[{"id":3247,"href":"http:\/\/lesgarderieslodyssee.com\/index.php?rest_route=\/wp\/v2\/pages\/493\/revisions\/3247"}],"wp:attachment":[{"href":"http:\/\/lesgarderieslodyssee.com\/index.php?rest_route=%2Fwp%2Fv2%2Fmedia&parent=493"}],"curies":[{"name":"wp","href":"https:\/\/api.w.org\/{rel}","templated":true}]}}